[INFO] fetching crate normalize_interval 0.14.0...
[INFO] checking normalize_interval-0.14.0 against master#cfbc6d4cf1acbac5c025acf8ed68929caa551df3 for pr-75494-beta
[INFO] extracting crate normalize_interval 0.14.0 into /workspace/builds/worker-7/source
[INFO] validating manifest of crates.io crate normalize_interval 0.14.0 on toolchain cfbc6d4cf1acbac5c025acf8ed68929caa551df3
[INFO] running `Command { std: "/workspace/cargo-home/bin/cargo" "+cfbc6d4cf1acbac5c025acf8ed68929caa551df3" "read-manifest" "--manifest-path" "Cargo.toml", kill_on_drop: false }`
[INFO] started tweaking crates.io crate normalize_interval 0.14.0
[INFO] finished tweaking crates.io crate normalize_interval 0.14.0
[INFO] tweaked toml for crates.io crate normalize_interval 0.14.0 written to /workspace/builds/worker-7/source/Cargo.toml
[INFO] running `Command { std: "/workspace/cargo-home/bin/cargo" "+cfbc6d4cf1acbac5c025acf8ed68929caa551df3" "generate-lockfile" "--manifest-path" "Cargo.toml" "-Zno-index-update", kill_on_drop: false }`
[INFO] running `Command { std: "/workspace/cargo-home/bin/cargo" "+cfbc6d4cf1acbac5c025acf8ed68929caa551df3" "fetch" "--locked" "--manifest-path" "Cargo.toml", kill_on_drop: false }`
[INFO] [stderr]  Downloading crates ...
[INFO] [stderr]   Downloaded few v0.1.4
[INFO] running `Command { std: "docker" "create" "-v" "/var/lib/crater-agent-workspace/builds/worker-7/target:/opt/rustwide/target:rw,Z" "-v" "/var/lib/crater-agent-workspace/builds/worker-7/source:/opt/rustwide/workdir:ro,Z" "-v" "/var/lib/crater-agent-workspace/cargo-home:/opt/rustwide/cargo-home:ro,Z" "-v" "/var/lib/crater-agent-workspace/rustup-home:/opt/rustwide/rustup-home:ro,Z" "-e" "SOURCE_DIR=/opt/rustwide/workdir" "-e" "CARGO_TARGET_DIR=/opt/rustwide/target" "-e" "CARGO_HOME=/opt/rustwide/cargo-home" "-e" "RUSTUP_HOME=/opt/rustwide/rustup-home" "-w" "/opt/rustwide/workdir" "-m" "1610612736" "--user" "0:0" "--network" "none" "rustops/crates-build-env@sha256:a636fd89d022f18117e1dc8fb37a0a009933cdbbe082814857f0e2024962d47c" "/opt/rustwide/cargo-home/bin/cargo" "+cfbc6d4cf1acbac5c025acf8ed68929caa551df3" "metadata" "--no-deps" "--format-version=1", kill_on_drop: false }`
[INFO] [stdout] 6a7db47864b3f6a109f050fa55d9feb7425efdd11c74c778ca787efb72e1ef05
[INFO] [stderr] WARNING: Your kernel does not support swap limit capabilities or the cgroup is not mounted. Memory limited without swap.
[INFO] running `Command { std: "docker" "start" "-a" "6a7db47864b3f6a109f050fa55d9feb7425efdd11c74c778ca787efb72e1ef05", kill_on_drop: false }`
[INFO] running `Command { std: "docker" "inspect" "6a7db47864b3f6a109f050fa55d9feb7425efdd11c74c778ca787efb72e1ef05", kill_on_drop: false }`
[INFO] running `Command { std: "docker" "rm" "-f" "6a7db47864b3f6a109f050fa55d9feb7425efdd11c74c778ca787efb72e1ef05", kill_on_drop: false }`
[INFO] [stdout] 6a7db47864b3f6a109f050fa55d9feb7425efdd11c74c778ca787efb72e1ef05
[INFO] running `Command { std: "docker" "create" "-v" "/var/lib/crater-agent-workspace/builds/worker-7/target:/opt/rustwide/target:rw,Z" "-v" "/var/lib/crater-agent-workspace/builds/worker-7/source:/opt/rustwide/workdir:ro,Z" "-v" "/var/lib/crater-agent-workspace/cargo-home:/opt/rustwide/cargo-home:ro,Z" "-v" "/var/lib/crater-agent-workspace/rustup-home:/opt/rustwide/rustup-home:ro,Z" "-e" "SOURCE_DIR=/opt/rustwide/workdir" "-e" "CARGO_TARGET_DIR=/opt/rustwide/target" "-e" "CARGO_INCREMENTAL=0" "-e" "RUST_BACKTRACE=full" "-e" "RUSTFLAGS=--cap-lints=forbid" "-e" "CARGO_HOME=/opt/rustwide/cargo-home" "-e" "RUSTUP_HOME=/opt/rustwide/rustup-home" "-w" "/opt/rustwide/workdir" "-m" "1610612736" "--user" "0:0" "--network" "none" "rustops/crates-build-env@sha256:a636fd89d022f18117e1dc8fb37a0a009933cdbbe082814857f0e2024962d47c" "/opt/rustwide/cargo-home/bin/cargo" "+cfbc6d4cf1acbac5c025acf8ed68929caa551df3" "check" "--frozen" "--all" "--all-targets" "--message-format=json", kill_on_drop: false }`
[INFO] [stdout] ae32eb37b923e821d8f1f6ac90fafe86c45e9cd9c028298bd3b5ea2c44d8816e
[INFO] [stderr] WARNING: Your kernel does not support swap limit capabilities or the cgroup is not mounted. Memory limited without swap.
[INFO] running `Command { std: "docker" "start" "-a" "ae32eb37b923e821d8f1f6ac90fafe86c45e9cd9c028298bd3b5ea2c44d8816e", kill_on_drop: false }`
[INFO] [stderr]     Checking few v0.1.4
[INFO] [stderr]     Checking normalize_interval v0.14.0 (/opt/rustwide/workdir)
[INFO] [stdout] error[E0599]: no method named `iter_intervals` found for struct `tine_tree::TineTree<i32>` in the current scope
[INFO] [stdout]   --> src/test/tine_tree/intersect.rs:37:18
[INFO] [stdout]    |
[INFO] [stdout] 37 |     assert_eq!(t.iter_intervals().collect::<Vec<_>>(), []);
[INFO] [stdout]    |                  ^^^^^^^^^^^^^^ method not found in `tine_tree::TineTree<i32>`
[INFO] [stdout]    | 
[INFO] [stdout]   ::: src/tine_tree.rs:44:1
[INFO] [stdout]    |
[INFO] [stdout] 44 | pub(in crate) struct TineTree<T>(BTreeSet<Tine<T>>);
[INFO] [stdout]    | ---------------------------------------------------- method `iter_intervals` not found for this
[INFO] [stdout] 
[INFO] [stdout] 
[INFO] [stdout] error[E0599]: no method named `iter_intervals` found for struct `tine_tree::TineTree<i32>` in the current scope
[INFO] [stdout]   --> src/test/tine_tree/intersect.rs:54:18
[INFO] [stdout]    |
[INFO] [stdout] 54 |     assert_eq!(t.iter_intervals().collect::<Vec<_>>(), [Point(25)]);
[INFO] [stdout]    |                  ^^^^^^^^^^^^^^ method not found in `tine_tree::TineTree<i32>`
[INFO] [stdout]    | 
[INFO] [stdout]   ::: src/tine_tree.rs:44:1
[INFO] [stdout]    |
[INFO] [stdout] 44 | pub(in crate) struct TineTree<T>(BTreeSet<Tine<T>>);
[INFO] [stdout]    | ---------------------------------------------------- method `iter_intervals` not found for this
[INFO] [stdout] 
[INFO] [stdout] 
[INFO] [stdout] error[E0599]: no method named `iter_intervals` found for struct `tine_tree::TineTree<i32>` in the current scope
[INFO] [stdout]   --> src/test/tine_tree/union.rs:36:18
[INFO] [stdout]    |
[INFO] [stdout] 36 |     assert_eq!(t.iter_intervals().collect::<Vec<_>>(), [
[INFO] [stdout]    |                  ^^^^^^^^^^^^^^ method not found in `tine_tree::TineTree<i32>`
[INFO] [stdout]    | 
[INFO] [stdout]   ::: src/tine_tree.rs:44:1
[INFO] [stdout]    |
[INFO] [stdout] 44 | pub(in crate) struct TineTree<T>(BTreeSet<Tine<T>>);
[INFO] [stdout]    | ---------------------------------------------------- method `iter_intervals` not found for this
[INFO] [stdout] 
[INFO] [stdout] 
[INFO] [stdout] error[E0599]: no method named `iter_intervals` found for struct `tine_tree::TineTree<i32>` in the current scope
[INFO] [stdout]   --> src/test/tine_tree/union.rs:62:18
[INFO] [stdout]    |
[INFO] [stdout] 62 |     assert_eq!(t.iter_intervals().collect::<Vec<_>>(), [
[INFO] [stdout]    |                  ^^^^^^^^^^^^^^ method not found in `tine_tree::TineTree<i32>`
[INFO] [stdout]    | 
[INFO] [stdout]   ::: src/tine_tree.rs:44:1
[INFO] [stdout]    |
[INFO] [stdout] 44 | pub(in crate) struct TineTree<T>(BTreeSet<Tine<T>>);
[INFO] [stdout]    | ---------------------------------------------------- method `iter_intervals` not found for this
[INFO] [stdout] 
[INFO] [stdout] 
[INFO] [stdout] error[E0599]: no method named `iter_intervals` found for struct `tine_tree::TineTree<i32>` in the current scope
[INFO] [stdout]   --> src/test/tine_tree/union.rs:81:18
[INFO] [stdout]    |
[INFO] [stdout] 81 |     assert_eq!(t.iter_intervals().collect::<Vec<_>>(), [
[INFO] [stdout]    |                  ^^^^^^^^^^^^^^ method not found in `tine_tree::TineTree<i32>`
[INFO] [stdout]    | 
[INFO] [stdout]   ::: src/tine_tree.rs:44:1
[INFO] [stdout]    |
[INFO] [stdout] 44 | pub(in crate) struct TineTree<T>(BTreeSet<Tine<T>>);
[INFO] [stdout]    | ---------------------------------------------------- method `iter_intervals` not found for this
[INFO] [stdout] 
[INFO] [stdout] 
[INFO] [stdout] error[E0599]: no method named `iter_intervals` found for struct `tine_tree::TineTree<i32>` in the current scope
[INFO] [stdout]   --> src/test/tine_tree/union.rs:99:18
[INFO] [stdout]    |
[INFO] [stdout] 99 |     assert_eq!(t.iter_intervals().collect::<Vec<_>>(), [
[INFO] [stdout]    |                  ^^^^^^^^^^^^^^ method not found in `tine_tree::TineTree<i32>`
[INFO] [stdout]    | 
[INFO] [stdout]   ::: src/tine_tree.rs:44:1
[INFO] [stdout]    |
[INFO] [stdout] 44 | pub(in crate) struct TineTree<T>(BTreeSet<Tine<T>>);
[INFO] [stdout]    | ---------------------------------------------------- method `iter_intervals` not found for this
[INFO] [stdout] 
[INFO] [stdout] 
[INFO] [stdout] error[E0599]: no method named `iter_intervals` found for struct `tine_tree::TineTree<i32>` in the current scope
[INFO] [stdout]    --> src/test/tine_tree/union.rs:118:18
[INFO] [stdout]     |
[INFO] [stdout] 118 |     assert_eq!(t.iter_intervals().collect::<Vec<_>>(), [
[INFO] [stdout]     |                  ^^^^^^^^^^^^^^ method not found in `tine_tree::TineTree<i32>`
[INFO] [stdout]     | 
[INFO] [stdout]    ::: src/tine_tree.rs:44:1
[INFO] [stdout]     |
[INFO] [stdout] 44  | pub(in crate) struct TineTree<T>(BTreeSet<Tine<T>>);
[INFO] [stdout]     | ---------------------------------------------------- method `iter_intervals` not found for this
[INFO] [stdout] 
[INFO] [stdout] 
[INFO] [stdout] error[E0599]: no method named `iter_intervals` found for struct `tine_tree::TineTree<i32>` in the current scope
[INFO] [stdout]    --> src/test/tine_tree/union.rs:139:18
[INFO] [stdout]     |
[INFO] [stdout] 139 |     assert_eq!(t.iter_intervals().collect::<Vec<_>>(), [
[INFO] [stdout]     |                  ^^^^^^^^^^^^^^ method not found in `tine_tree::TineTree<i32>`
[INFO] [stdout]     | 
[INFO] [stdout]    ::: src/tine_tree.rs:44:1
[INFO] [stdout]     |
[INFO] [stdout] 44  | pub(in crate) struct TineTree<T>(BTreeSet<Tine<T>>);
[INFO] [stdout]     | ---------------------------------------------------- method `iter_intervals` not found for this
[INFO] [stdout] 
[INFO] [stdout] 
[INFO] [stdout] error: aborting due to 8 previous errors
[INFO] [stdout] 
[INFO] [stdout] 
[INFO] [stdout] For more information about this error, try `rustc --explain E0599`.
[INFO] [stdout] 
[INFO] [stderr] error: could not compile `normalize_interval`.
[INFO] [stderr] 
[INFO] [stderr] To learn more, run the command again with --verbose.
[INFO] running `Command { std: "docker" "inspect" "ae32eb37b923e821d8f1f6ac90fafe86c45e9cd9c028298bd3b5ea2c44d8816e", kill_on_drop: false }`
[INFO] running `Command { std: "docker" "rm" "-f" "ae32eb37b923e821d8f1f6ac90fafe86c45e9cd9c028298bd3b5ea2c44d8816e", kill_on_drop: false }`
[INFO] [stdout] ae32eb37b923e821d8f1f6ac90fafe86c45e9cd9c028298bd3b5ea2c44d8816e
